37 - 17071 = 0. Is k a multiple of 32?
True
Let d = 31 + -25. Is d/18*233 + (-2)/3 a multiple of 11?
True
Suppose 0 = 2*l + 2*l. Suppose l = -3*g - 2*g + 15. Suppose g*t + 0*t = 60. Is t a multiple of 10?
True
Suppose -5*a = -1692 - 588. Is 38 a factor of a?
True
Is 39 a factor of (-4)/20*-12286 - 7/35?
True
Let r(t) = 2*t**2 + 4*t + 2. Let l be r(-2). Suppose -l*d = 2*d - 72. Does 9 divide d?
True
Let t(x) = x + 5. Let d be t(-7). Let n be (d + 0)*58/4. Let i = n - -35. Does 3 divide i?
True
Let d = 604 + 292. Is d a multiple of 40?
False
Let l = -480 + 495. Is l even?
False
Suppose -5*h + 6 = -19. Suppose v - 7 = -u, 3*v = -h*u - 5 + 32. Suppose 0 = 2*z + 2*k - 3*k - 198, 117 = z + v*k. Is 33 a factor of z?
False
Suppose i - 880 = 4*t, -4*i + 9*t = 11*t - 3592. Is 35 a factor of i?
False
Suppose w + 5*s - 1541 = 8*s, -4662 = -3*w - 4*s. Is 25 a factor of w?
True
Does 8 divide -2*(-4 + -2 + -26)?
True
Suppose -3*c + 9 = -2*z, 0 = -2*z - 0*z + 6. Suppose c*s + s = 174. Suppose 13 = l - 2*k, 0*l - k = -5*l + s. Is l a multiple of 3?
False
Let l(m) = 5*m - 18. Let t be l(4). Suppose -v + 21 = u - 2*v, 3*v = t*u - 45. Does 18 divide u?
True
Let z(b) = 56*b**3 + 2*b**2 - b - 2. Let p(y) = y**2 - 2*y - 1. Let c be p(2). Let r be z(c). Let d = 9 - r. Does 13 divide d?
False
Is -8*(1/(-4) - 204/48) a multiple of 12?
True
Let q = 183 - 108. Let b = 488 + -61. Suppose 4*l - b = -q. Is 18 a factor of l?
False
Suppose -k - 4*s = -773, 4*k - 1061 - 1968 = 5*s. Suppose -k = -4*u - 3*w - 233, u - 141 = -3*w. Is 13 a factor of u?
False
Let r = -1033 - -1870. Is 9 a factor of r?
True
Let c be 155/55 - (-4)/22. Suppose -c*o - 26 = 1. Let z = -1 - o. Is 5 a factor of z?
False
Let l(n) = -2*n - 5. Let u be l(3). Let s = u - -13. Suppose s*b - 57 = -b. Is b a multiple of 16?
False
Suppose 110 = -3*s + 10*v - 8*v, 34 = -s - 2*v. Let m = s + 123. Is m a multiple of 6?
False
Suppose -a + 1 = 54. Let t be -2 + 4/(-2)*(-474)/12. Let f = t + a. Does 24 divide f?
True
Suppose 4*u = -3*j - 116, -u + 6*j = j + 29. Let a = 39 + u. Is 8 a factor of (-4029)/(-85) + (-4)/a?
False
Let t(j) = 48*j + 66. Does 65 divide t(42)?
False
Let g(y) = -y**2 - y - 1. Let b(r) = 7*r**2 + 4*r + 3. Let o(p) = b(p) + 3*g(p). Does 12 divide o(-4)?
True
Suppose 648 + 11304 = 16*b. Let j = b - 432. Is j a multiple of 63?
True
Let m be ((-437 - -1) + 0)/(-1). Suppose -m = -2*u - 2*u. Let d = u + -11. Is d a multiple of 16?
False
Let w(a) = -16*a - 109. Is w(-7) a multiple of 3?
True
Let s be 1685/15 + (-6)/(-9). Suppose 8 = -4*v, v - 495 - s = -2*m. Suppose 0*r - 4*q - 81 = -r, -5*q + m = 5*r. Is r a multiple of 13?
True
Let s = 1000 - 238. Let o be (-4)/16 - s/(-8). Suppose -6*u + 13 = -o. Does 6 divide u?
True
Let j(n) be the third derivative of 17*n**5/60 + n**4/8 - n**3/3 + 4*n**2. Let m be j(1). Suppose -2*w = -m - 38. Does 14 divide w?
True
Suppose 2*o + 2*p - 5008 = 0, -3*o = 2*p + 2474 - 9990. Is 11 a factor of o?
True
Let w = 11 + -1. Suppose -k + w = -3*k. Let x(v) = -2*v + 14. Is x(k) a multiple of 12?
True
Let q(j) = 7*j - 6 + 3 - 1. Let d be -12 + 584/48 - (-22)/12. Is q(d) a multiple of 5?
True
Suppose 5*u + p = 6*p + 1695, u - 3*p = 329. Is 16 a factor of u?
False
Let u(s) = -s**3 + 4*s**2 + 18*s + 9. Let d be u(-5). Suppose 0 = t + 65 + 19. Let x = d + t. Is x a multiple of 20?
True
Suppose -15603 = -16*a - 4275. Let m = a - 444. Is m a multiple of 24?
True
Let b = 10 - 0. Let i(g) = 0 - g**3 + 1 - 7*g + b*g**2 + 5. Is 35 a factor of i(8)?
False
Suppose -47*d = 3*o - 49*d - 661, 4*d = 5*o - 1099. Is 27 a factor of o?
False
Let s(f) = f**2 + 18*f + 13. Suppose -3*u + 6*u = 0. Suppose 2*w + 10 = u, -79 = 3*y - 0*w + 5*w. Does 3 divide s(y)?
False
Suppose 0 = -5*t + 735 + 685. Suppose w = -c + t, -c - 1106 = -4*w + c. Let s = -192 + w. Is 17 a factor of s?
False
Let l be 235 - -6*(-1)/2. Does 9 divide l/4 + -4 - 0?
True
Let s be 12*2/(-3 + -3). Let i(m) = m**2 + m + 5. Does 5 divide i(s)?
False
Let x = -2243 + 4433. Is x a multiple of 19?
False
Let z be (4 - 1)/((-42)/(-28)). Let i(r) = 5*r - 2. Let l be i(z). Let y = l - 5. Is y a multiple of 3?
True
Let u be (-231)/(-35) - (-6)/15. Let g(q) = 6*q + 7. Is 9 a factor of g(u)?
False
Let d = 8 + -22. Let m be (-28)/d*(-14)/(-4). Let x = -5 + m. Is x a multiple of 2?
True
Let c = 17 - 22. Is 6 a factor of (-247)/c - 12/30?
False
Let d(j) = -j**3 - 20*j**2 - 30*j + 35. Is d(-19) a multiple of 14?
False
Let q(y) = 268*y**2 + 12*y + 2. Is 9 a factor of q(-3)?
False
Let w(l) = 45*l - 124. Is 22 a factor of w(13)?
False
Let o = 194 + -140. Does 3 divide o?
True
Let k be 1 + (6 - (3 - 0)). Let x(z) = 10*z**2 - 2*z - 1. Let l be x(k). Let w = -89 + l. Does 31 divide w?
True
Let y = -208 + 293. Let s be -80*(2/(-4) + 0). Let r = y - s. Is 15 a factor of r?
True
Suppose 0 = -0*n - n + 4. Let d(i) be the third derivative of -i**6/120 + i**5/12 - i**4/6 + i**3 + 8*i**2 - 2. Does 5 divide d(n)?
False
Suppose 5*h - 782 = -3*q, 9*q = 7*q + 2*h + 548. Is 16 a factor of q?
False
Let y be (-590)/(-15) - 4/12. Let r = 111 - y. Is r a multiple of 24?
True
Let g = 11 + -37. Let u = g + 70. Suppose -u = -5*b + 46. Is b a multiple of 9?
True
Suppose -4*l + 3*f = -1666, 3*l + 18*f = 23*f + 1244. Is 39 a factor of l?
False
Let y(s) = -6 - 8*s + 6*s + 3*s - 9*s. Let d be -6*(5/3 + -1). Is 13 a factor of y(d)?
True
Let k be 0/(-9)*(-1)/(-2). Suppose -3*d - 5 + 473 = k. Is d a multiple of 21?
False
Let x(c) = c**3 + 4*c**2 - 5*c + 4. Let q be x(-5). Suppose -15 = -i - q*i. Suppose -k = m - 2*m - 66, 3*k = -i*m + 192. Is k a multiple of 19?
False
Suppose -h - 2*h + 729 = 0. Let w be h/21 + (-12)/(-28). Let s = w - 1. Does 5 divide s?
False
Suppose 2*u - 195 = 3*h, -u + 5*h + 97 = 17. Is u a multiple of 7?
True
Let d(f) = -3*f - 29. Let n be d(-10). Is 14 a factor of 416/3 - n/(-3)*1?
False
Is 63 a factor of ((-2456)/(-5))/((-2)/(-5))?
False
Let k be ((-1)/(-2))/(3/(-12)). Let r = k - -1. Is 3 a factor of (-7 - -6)/(r/6)?
True
Let q = 210 - 156. Does 18 divide q?
True
Let j = -317 + 641. Is j a multiple of 14?
False
Suppose h = 5*d + 152, -2*h - 5*d - 44 = -288. Suppose -2 = -2*z - 4*p + h, -5*p + 280 = 4*z. Is z a multiple of 4?
False
Suppose -5*n + 57 - 82 = 0. Is 4 + n + 134/1 a multiple of 33?
False
Suppose -3 = -5*v + 22. Is (-10)/(-2) - v - -137 a multiple of 16?
False
Let k(d) = -d - 4. Let y be k(-8). Suppose y*c - 7*c = 4*b - 286, 0 = 2*b - 8. Is 18 a factor of c?
True
Let q = -919 + 1107. Does 8 divide q?
False
Let u be -4 + 18 + 3 + 3. Let w = u - -17. Is 20 a factor of w?
False
Suppose 17 = 2*w + 5. Suppose -w*q = -569 + 41. Is 22 a factor of q?
True
Suppose 1056 = 3*s - 2*u, 5*s + 468 = 3*u + 2228. Suppose 8*z - 16*z + s = 0. Is z a multiple of 6?
False
Let m(g) = g**3 + 32*g**2 - 66*g + 134. Is 2 a factor of m(-34)?
True
Suppose -8*m + 6400 = 2*m. Is 13 a factor of m?
False
Let d(f) = f**3 - 3*f**2 - 14*f + 465. Is d(0) a multiple of 3?
True
Suppose 0 = -l + 2*f - 4, -14 = -2*l - 5*f + 14. Let r be (3 - l)*16*-2. Let c = -25 + r. Is 3 a factor of c?
False
Let h be 1 + (-1 + 1 - 1). Suppose h = 6*n - 4*n - 6. Suppose -n*l = -23 - 25. Is 8 a factor of l?
True
Suppose 0 = -13*j + 182 + 1768. Is 21 a factor of j?
False
Let k = -97 - -97. Suppose -73 = -j + 3*t - 4, k = 3*t + 6. Is 21 a factor of j?
True
Let n(r) = -r**3 - r**2 + r - 7. Let t be n(0). Let s be 919/7 - (-2)/t. Let i = s - 51. Is i a multiple of 21?
False
Let h be ((-15)/(-6) - 2)*4. Does 2 divide ((-9)/h)/((-1)/4)?
True
Suppose 44*u = 60*u + 1232. Let z = 8 - 2142. Is (-2)/(-7) + z/u a multiple of 9?
False
Let s be (-1 - 3/(-3))/(-3). Let p = 5 - s. Suppose 7*m = p*m + 46. Is 23 a factor of m?
True
Let b(m) = -3*m - m**2 + 5 - 2 - 4 - 5. Let d be b(-6). Is 23 a factor of (-18)/d - 89/(-4)?
True
Let s be (-327)/(-7) + 4/14. Suppose -5 + 16 = 3*x + y, 0 = -2*x + 4*y + 12. Suppose -3*w = x*j - 68, 0*j + s = 2*w + j. Is 8 a factor of w?
True
Suppose s = 2*s + 2*r + 32, -3*s = 4*r + 104. Does 4 divide 9*(s/(-12) - 2)?
True
Let t(k) = -10*k - 20. Let q be t(-2). Suppose -4*g - 396 = -5*p, q*p - g = -5*p + 384. Does 4 divide p?
True
Suppose 58*t + 350 = 53*t. Let p = t + 120. Is p a multiple of 4?
False
Let a(z) = -5*z**3 - 17*z**2 - 3*z - 6. Is 36 a factor of a(-7)?
False
Let q = 276 - 136. 